 What is the greatest common divisor of 63 and j?
9
Suppose -24 = -5*b + 56. Let c = b - 12. Let f be c*((-14)/(-4) + 1). What is the highest common factor of f and 126?
18
Suppose -2*m - 1432 = 6*m. Let z = 264 + m. What is the greatest common divisor of z and 34?
17
Let l(j) = 37*j**2 - 41*j + 110. Let x be l(3). Calculate the highest common factor of 20 and x.
20
Let s = 85 + -39. What is the highest common factor of 69 and s?
23
Let c(f) = 2*f**2 + 13*f. Let p be (0 - -10)*-4*1/5. Let x be c(p). Calculate the greatest common divisor of 36 and x.
12
Let c(b) be the third derivative of 11*b**4/24 - 4*b**3 - 17*b**2. Let h be c(6). Calculate the highest common factor of h and 70.
14
Let y be (-210399)/(-567) - 4/54. Calculate the greatest common divisor of 159 and y.
53
Let i(k) be the third derivative of -7*k**4/8 - k**3/6 - 3*k**2. Let u be i(4). Let p = 133 + u. What is the greatest common divisor of p and 32?
16
Suppose 4*v - w = 48 + 36, -3*v = 2*w - 52. Let s be (-39690)/(-648) - 2/((-8)/(-5)). What is the greatest common divisor of s and v?
20
Let v be ((-5)/(-2))/(4/(-16)). Suppose -133 = 3*l - 5*n, 0 = -n + 4 + 1. Let m be 18/(-30) + l/v. Calculate the highest common divisor of 21 and m.
3
Let a be (6/4)/(24/32). Suppose -s = -a*s + 33. Let w = s + -22. Calculate the highest common divisor of 88 and w.
11
Suppose 2*x - 3*v = -2*x + 16, -x - 5*v + 27 = 0. What is the greatest common factor of x and 203?
7
Suppose 3 = b + 12. Let p = 17 + b. What is the greatest common divisor of p and 8?
8
Suppose 5*d = 15 - 5. Let v = 661 - 645. What is the highest common divisor of v and d?
2
Let f(a) = -a + 40. Let x be f(24). Suppose 28*b = 32*b - 128. What is the greatest common divisor of x and b?
16
Let g be ((-18)/15)/(32/(-880)). What is the highest common factor of 297 and g?
33
Let h = 45 - -7. Let v(l) = l**2 - 14*l + 61. Let t be v(6). What is the highest common divisor of h and t?
13
Suppose 3*o = 2*j - 117, 6*j - 243 = 2*j - 3*o. Let u(b) = 8*b + 15. Let q be u(0). What is the greatest common factor of j and q?
15
Let g(j) = -4*j - 37. Let u be g(-10). Suppose 3*v + u*i = 4*v - 46, -2*v - 4*i = -102. What is the greatest common divisor of 441 and v?
49
Let s = -34 + 38. Suppose 148 = 4*w + 2*p - 96, -s*w + 238 = -p. What is the greatest common factor of w and 10?
10
Let k be (1 - 20/12)*-18. Suppose -h = 5*w + k - 31, -5*h = -2*w - 14. Calculate the greatest common divisor of 21 and w.
3
Suppose -20*s + 12300 = 30*s. What is the greatest common factor of 656 and s?
82
Let r = -3334 + 3606. What is the greatest common factor of 51 and r?
17
Let n = 57 - 47. Suppose -k + 4*k + 20 = 4*z, z - 5*k = 22. What is the greatest common factor of z and n?
2
Let r be (-3)/(1164/392 + -3). Calculate the highest common factor of 28 and r.
14
Suppose 5*v - 239 = 161. What is the greatest common divisor of v and 32?
16
Suppose -4*c + 222 = -730. Suppose -c = -10*n - 38. What is the greatest common factor of 20 and n?
20
Suppose 0*b = -13*b + 5434. Let o = b - 266. Calculate the highest common factor of o and 38.
38
Let v(q) = 2*q**2 + 31*q + 35. Let h be v(-15). What is the highest common divisor of 45 and h?
5
Let o(j) = j**3 - 12*j**2 + 2*j - 18. Let x be o(12). Let g be 136/x - 10/(-30). Calculate the highest common divisor of g and 115.
23
Let g = -88 - -136. Suppose -2*s - 2*s = 0. Suppose 5*y = -w + 67, s = -2*w - 5*y + 77 + 62. What is the greatest common factor of g and w?
24
Let z(g) = -g**2 - 9*g + 2. Let s be z(-8). Let d = 10 + s. Suppose -3*c - 4*i = -656, 7*c - 879 = 3*c - i. What is the highest common divisor of d and c?
20
Suppose -4 - 28 = -4*t. Suppose o - 14 = -t. What is the highest common divisor of 2 and o?
2
Suppose 22*o = 13*o + 81. What is the greatest common divisor of 15 and o?
3
Let j(x) = -x**2 + 2*x + 17. Let b be j(-5). Let f be 60/90 + (-332)/b*3. What is the greatest common divisor of f and 21?
7
Let z(d) = 14*d - 213. Let v be z(16). Let c(t) = -t**3 - 6*t**2 + 6*t + 4. Let n be c(-7). What is the highest common factor of v and n?
11
Let p be (-13)/(-143) - 3558/(-66). Calculate the highest common divisor of 1674 and p.
54
Let s(c) = -8*c**3 - c**2 + 2. Let d be s(-3). Let k(h) = h**3 + 11*h**2 - 13*h + 7. Let r be k(-12). Calculate the greatest common divisor of d and r.
19
Suppose y - 61 = -k, -127*y + 123*y - 5*k = -240. Calculate the greatest common divisor of 25 and y.
5
Let z = 2260 + -1330. What is the highest common factor of z and 60?
30
Let b(d) = 2*d**2 + 26*d - 128. Let j be b(4). Suppose 5*h = -2*s + s + 33, 2*h + 26 = s. What is the greatest common factor of s and j?
4
Let l = 142 - 78. Suppose 34 - l = -3*t. What is the highest common divisor of t and 2?
2
Suppose -3*g = -228 - 537. Calculate the greatest common factor of 30 and g.
15
Let g be (8/4 - 1) + 15. Let c be (36/g)/((-1)/(-4)). Suppose -31 = 5*w - s - 169, -4*s = -w + 39. What is the highest common factor of c and w?
9
Let p(f) = -f**3 + 4*f**2 + 4*f - 1. Let j be p(3). Suppose -o - 2*s = -4, -5*o = -3*s - s - j. What is the highest common divisor of 44 and o?
4
Suppose -2*y - 35 + 223 = 0. Suppose -y = -4*u + 58. Suppose -u = -5*o + 27. Calculate the greatest common divisor of o and 13.
13
Let s = -303 + 395. Calculate the greatest common divisor of s and 322.
46
Let r = -110 + 158. Let i = r - 40. Calculate the highest common factor of 56 and i.
8
Let h = -12 - -17. Let u(q) = 6*q**2 - 29*q. Let d be u(h). What is the highest common factor of d and 5?
5
Suppose -55*w + 59*w - 48 = 0. Suppose 81 = w*l - 63. What is the greatest common factor of l and 12?
12
Let b(f) be the first derivative of f**4/4 - 7*f**3/3 + 13*f**2/2 - 21*f - 26. Let u be b(7). What is the greatest common factor of 28 and u?
14
Suppose 288 = -278*c + 281*c. What is the highest common factor of 160 and c?
32
Let b(t) = -2*t - 45. Let l be b(-31). Let j(w) = 13*w + 2. Let c be j(9). Calculate the highest common factor of c and l.
17
Let n(w) = w**2 + 9*w + 12. Let x be n(-8). Suppose -14*l + 6*l = -176. Let f be x/l + (-788)/(-22). Calculate the highest common divisor of 12 and f.
12
Let b = -78 + 107. Calculate the highest common divisor of 116 and b.
29
Let b = -44 - -103. Let f = b + -32. Suppose 49*p = 28*p + 63. What is the highest common divisor of f and p?
3
Suppose -2*p + 951 = 5*f, -5*f + 2 = -3. What is the highest common factor of p and 11?
11
Let s(r) = -8*r - 6. Let z be s(2). Let y = -21 - z. Let f(x) = 32*x + 4. Let m be f(y). What is the highest common factor of 24 and m?
12
Let n(y) = y**3 + 29*y**2 + 50*y - 18. Let p be n(-27). Calculate the greatest common factor of 240 and p.
30
Let f = -163 - -343. Calculate the highest common factor of f and 6.
6
Let k = 18 - -4. Let b = 146 + -98. Let u = b - k. What is the highest common divisor of 39 and u?
13
Let y = 212 - 151. Let h = y + -28. Calculate the highest common factor of 231 and h.
33
Let k be (-37 - -38)/((-1)/(-152)). Suppose -5*m + 48 + 53 = -3*n, -3*n = -3*m + 63. Calculate the highest common divisor of m and k.
19
Let u be (-520)/(-20)*9/6. What is the highest common factor of u and 897?
39
Let f(b) = -5*b - 43. Let w be f(-9). What is the highest common divisor of 8 and w?
2
Suppose 0 = -2*n + 3*i + 83, -31*i = -n - 27*i + 39. Calculate the highest common divisor of n and 1333.
43
Suppose 0 = -5*v - 6 + 21. Let f(t) = 2*t**3 - 6*t**2 + 6*t - 7. Let s be f(v). Calculate the greatest common factor of s and 297.
11
Let n be ((-85)/20 - -6)*4 - -97. Calculate the greatest common factor of n and 64.
8
Let s = -326 - -138. Let w = s + 133. Let z be 242/10 + 11/w. What is the greatest common divisor of z and 60?
12
Let d be (-1440)/120 - 1*-75. Calculate the greatest common divisor of 9 and d.
9
Let m(q) = -q**3 + 4*q**2 - q. Let d be m(2). Suppose 3*w - 42 + 3 = -4*s, -w + s = -d. What is the highest common factor of w and 9?
9
Let f = 655 + -579. Calculate the greatest common factor of f and 2698.
38
Suppose -4*p + 11 = -2*p - k, 4*k + 8 = -4*p. Suppose -b - p*a - 9 = 0, -4*b = -2*a - 30 + 10. Calculate the greatest common divisor of 24 and b.
3
Suppose 0 = -13*o + 12*o - 2*q + 230, o - 3*q - 215 = 0. Let k(l) = 9*l**2 + 3*l + 2. Let d be k(-2). What is the highest common divisor of d and o?
32
Le